3520?
True
Does 4180 divide 609611200?
True
Does 970 divide 342330460?
True
Is 26110849 a multiple of 352?
False
Does 9 divide 461318767?
False
Is 48074278 a multiple of 1211?
True
Does 13 divide 20890597?
True
Is 51040350 a multiple of 75?
True
Does 1458 divide 210432658?
False
Is 188 a factor of 4510782512?
True
Does 20 divide 897090500?
True
Is 1928020 a multiple of 5?
True
Is 62540268 a multiple of 588?
True
Does 92 divide 25094156?
False
Is 5396813 a multiple of 202?
False
Does 17 divide 82479410?
True
Is 88 a factor of 4851934?
False
Is 126 a factor of 88970868?
True
Does 36 divide 299786301?
False
Is 1073351965 a multiple of 10?
False
Is 774536029 a multiple of 3062?
False
Is 549 a factor of 107948772?
True
Does 381 divide 120902205?
False
Is 4640 a factor of 241100241?
False
Does 5 divide 52374350?
True
Does 5431 divide 346300883?
False
Is 204 a factor of 5268912?
True
Is 159860180 a multiple of 340?
True
Is 235614249 a multiple of 13?
True
Does 4414 divide 77610972?
False
Is 2 a factor of 31990463?
False
Is 3291 a factor of 2679149849?
False
Is 203841904 a multiple of 2558?
True
Does 13 divide 18358145?
True
Does 7 divide 3040380?
True
Does 28 divide 39431560?
True
Does 26 divide 2435995796?
True
Does 5764 divide 54348756?
True
Is 1204884375 a multiple of 1875?
True
Is 44 a factor of 500759688?
True
Does 31 divide 67371711?
True
Is 3594 a factor of 313445459?
False
Is 32 a factor of 5774230?
False
Is 3761100981 a multiple of 2529?
True
Does 1902 divide 649951440?
True
Is 100466443 a multiple of 14?
False
Does 110 divide 54047950?
True
Is 2207 a factor of 1176882750?
True
Is 889902208 a multiple of 289?
False
Is 4774 a factor of 172666032?
True
Does 632 divide 163288970?
False
Is 1044129 a multiple of 3?
True
Is 3578599779 a multiple of 1562?
False
Is 93 a factor of 1343492029?
False
Is 635973354 a multiple of 9?
True
Does 1024 divide 106967221?
False
Is 32309505 a multiple of 9?
True
Is 3472193703 a multiple of 3823?
False
Is 636 a factor of 7171458?
False
Is 19 a factor of 20649276?
True
Is 330565475 a multiple of 277?
False
Does 91 divide 26864292?
True
Is 398166220 a multiple of 1522?
False
Is 473947220 a multiple of 620?
True
Is 917789733 a multiple of 255?
False
Does 23 divide 15192814?
False
Does 34 divide 153097834?
False
Does 39 divide 11620157?
False
Does 491 divide 37536426?
False
Is 16 a factor of 670501409?
False
Is 75517934 a multiple of 79?
False
Does 28 divide 3258727276?
True
Is 1494925155 a multiple of 45?
True
Is 120 a factor of 50898234?
False
Is 1145 a factor of 73793199?
False
Is 357678930 a multiple of 49?
True
Is 61179120 a multiple of 93?
True
Is 18 a factor of 1598693564?
False
Does 1020 divide 346139530?
False
Is 371793156 a multiple of 14?
True
Is 509533488 a multiple of 258?
True
Does 24 divide 124436551?
False
Is 7 a factor of 31381987?
True
Is 4932603 a multiple of 69?
True
Is 23864112 a multiple of 36?
True
Is 30 a factor of 7141847?
False
Is 84 a factor of 28961436?
True
Is 349 a factor of 53154096?
True
Does 2816 divide 150805248?
True
Does 2919 divide 1715215718?
False
Is 54 a factor of 46885932?
True
Does 95 divide 12742288?
False
Is 223547325 a multiple of 1066?
False
Is 383741383 a multiple of 39?
False
Is 56518588 a multiple of 33?
False
Is 5 a factor of 203049635?
True
Is 23 a factor of 4739495?
True
Is 5767154 a multiple of 3?
False
Is 69162730 a multiple of 24?
False
Does 933 divide 4803084?
True
Is 307 a factor of 451531916?
True
Does 173 divide 1812867347?
False
Is 120 a factor of 976663380?
False
Is 30660550 a multiple of 155?
True
Is 131101754 a multiple of 2597?
True
Is 246 a factor of 5180760?
True
Is 14 a factor of 18302592?
True
Does 108 divide 73310184?
True
Is 316026468 a multiple of 18?
True
Is 175 a factor of 6257370?
False
Is 63855521 a multiple of 1617?
False
Does 5088 divide 812523072?
True
Is 33733341 a multiple of 35?
False
Is 170811986 a multiple of 25?
False
Is 85203955 a multiple of 1622?
False
Is 44146614 a multiple of 38?
True
Is 3697 a factor of 3226635300?
False
Does 41 divide 158072081?
False
Is 13 a factor of 259922923?
True
Does 92 divide 10598609?
False
Does 6814 divide 3223947779?
False
Does 5339 divide 365631385?
False
Is 73563323 a multiple of 138?
False
Does 619 divide 79309157?
False
Is 9331222 a multiple of 599?
True
Does 37 divide 999471959?
False
Is 222231208 a multiple of 3999?
False
Does 16 divide 130485216?
True
Does 24 divide 64327152?
True
Is 5396030 a multiple of 115?
True
Is 24942592 a multiple of 64?
True
Is 404 a factor of 28661849?
False
Does 1936 divide 71118458?
False
Is 1357 a factor of 6945456?
False
Does 637 divide 17247412?
True
Does 251 divide 71010661?
True
Does 9 divide 7337157?
False
Is 309 a factor of 3571046470?
False
Does 1234 divide 725320265?
False
Is 121305427 a multiple of 287?
False
Is 276298867 a multiple of 240?
False
Does 17 divide 72123299?
True
Does 31 divide 176788009?
True
Does 9 divide 1384716152?
False
Is 1883 a factor of 16633949?
False
Is 1122124962 a multiple of 4840?
False
Is 41 a factor of 72493447?
False
Is 90532820 a multiple of 18?
False
Is 63333292 a multiple of 530?
False
Is 114541376 a multiple of 32?
True
Is 61 a factor of 271931351?
True
Is 249763508 a multiple of 484?
False
Is 501314928 a multiple of 1473?
True
Does 2 divide 1035047634?
True
Is 10543 a factor of 905601528?
True
Is 334048825 a multiple of 8?
False
Is 73967930 a multiple of 10?
True
Is 6093198 a multiple of 157?
False
Does 887 divide 38422383?
False
Is 87331351 a multiple of 1060?
False
Is 30 a factor of 25151923?
False
Is 58593561 a multiple of 13?
True
Does 4605 divide 583057470?
True
Is 390353940 a multiple of 180?
True
Is 9434307 a multiple of 879?
True
Is 373489353 a multiple of 39?
False
Does 8 divide 60537577?
False
Is 217 a factor of 163707311?
False
Is 6 a factor of 295913352?
True
Does 101 divide 914426124?
True
Does 93 divide 34703207?
False
Is 1759696618 a multiple of 6946?
False
Is 62 a factor of 583006683?
False
Is 17 a factor of 51630269?
False
Does 13 divide 193243545?
False
Is 5773 a factor of 373461143?
True
Is 61763130 a multiple of 2574?
True
Is 2683316 a multiple of 107?
False
Does 12 divide 5335377?
False
Is 2036922741 a multiple of 758?
False
Is 665533154 a multiple of 26?
True
Is 2188216456 a multiple of 7528?
True
Does 8 divide 1295782104?
True
Is 69093850 a multiple of 226?
True
Is 176869614 a multiple of 22?
False
Is 1096 a factor of 31754408?
True
Is 53030268 a multiple of 8?
False
Does 55 divide 86757198?
False
Does 3817 divide 669093381?
True
Is 56612988 a multiple of 514?
True
Is 14 a factor of 2662013844?
True
Is 42285578 a multiple of 11?
False
Is 111013145 a multiple of 195?
False
Does 1175 divide 338107425?
True
Is 22 a factor of 765211887?
False
Is 49434475 a multiple of 745?
True
Is 346 a factor of 189130574?
False
Is 2774543854 a multiple of 493?
True
Is 148 a factor of 1600028?
True
Is 21104093 a multiple of 353?
False
Is 49614096 a multiple of 24?
True
Is 598 a factor of 238741932?
True
Is 45 a factor of 268354035?
True
Is 143 a factor of 53042275?
True
Is 2835677877 a multiple of 1838?
False
Does 570 divide 15466534?
False
Is 181826944 a multiple of 66?
False
Is 2060057622 a multiple of 14?
True
Is 247221464 a multiple of 28?
True
Is 311 a factor of 19694237?
False
Is 398971319 a multiple of 24?
False
Does 23 divide 326338720?
True
Is 2419 a factor of 2146148827?
False
Is 700 a factor of 200903361?
False
Is 35547396 a multiple of 6?
True
Does 311 divide 100306208?
True
Is 360969075 a multiple of 2295?
True
Is 88 a factor of 629704768?
True
Does 19 divide 572917139?
False
Does 144 divide 1305140976?
True
Does 342 divide 8291657917?
False
Is 5818576 a multiple of 248?
True
Is 30 a factor of 10743810?
True
Is 3587338936 a multiple of 3195?
False
Is 30443966 a multiple of 133?
True
Is 4 a factor of 758884?
True
Does 13 divide 53257607?
True
Is 9 a factor of 55274344?
False
Does 9 divide 301014396?
True
Is 219351425 a multiple of 1037?
True
Is 434 a factor of 142373038?
False
Does 16 divide 1145001?
False
Is 4071740 a multiple of 5?
True
Does 31 divide 200390944?
True
Is 11 a factor of 957162822?
True
Does 3 divide 17377194?
True
Is 307075294 a multiple of 1918?
False
Is 649 a factor of 1878271?
False
Is